2 + 3 - 18*b - 3*b + 6*b. Let l(o) = 4*o - 1. Let j(m) = 9*l(m) + 2*q(m). Calculate j(-1).
-5
Let w(g) = 2*g - 4. Let j be (1/3)/(1/6). Let d = 7 - 5. Suppose -z + d = -j*q + 2*z, 5*q - 4*z - 9 = 0. Calculate w(q).
6
Let p = -43 - -32. Let y(q) = q**2 + 9*q - 16. Determine y(p).
6
Let z be (-4)/(8/18 + 2/9). Let q(p) = p**3 + 7*p**2 + 6*p + 1. What is q(z)?
1
Let u(p) = 9*p**2 - 25*p + 18. Let k(q) = -4*q**2 + 12*q - 9. Let o(c) = 7*k(c) + 3*u(c). What is o(8)?
-1
Let j(r) = r**2 + 5*r + 2. Suppose 2*k - 2*b = -2*k + 10, 2*k + 2*b = 20. Suppose -3*m + 9 + 0 = -y, k*y = m - 17. Let d be 1/(-1)*-1*y. Give j(d).
-4
Let h = -47 + 50. Let x(u) be the third derivative of 0*u - 1/30*u**5 - 1/24*u**4 + u**2 + 0 + 1/120*u**6 - 1/6*u**h. Determine x(3).
5
Let u(p) = p**2 - p - 4. Suppose -j = 3*t - 18, -4 - 3 = -4*j + t. Let a(m) = -m**2 + 4*m. Let i be a(j). Suppose 0 = w + i*w. What is u(w)?
-4
Let p = 31 - 22. Suppose 33 = -4*n - 5*r, n + r + p = -n. Let q(x) be the third derivative of -x**5/30 - x**4/24 - x**3/6 - 2*x**2. Determine q(n).
-7
Let r(f) = 11*f**2 - 25*f + 23. Let s(m) = -5*m**2 + 12*m - 11. Let i(t) = -4*r(t) - 9*s(t). Calculate i(7).
0
Suppose 2*x - 3*q = 7*x - 4, -3*x - 4*q - 2 = 0. Let g(z) = -6 + 6 + z - 4*z**x + 15*z**2. Determine g(1).
12
Let r(l) = -3*l - 21. Let j(u) = 2*u + 11. Let s(n) = -5*j(n) - 3*r(n). Calculate s(7).
1
Suppose 4*z - 3 = -27. Let h(p) = -p**2 - 7*p - 6. Calculate h(z).
0
Let v be (-14)/(-8) + (-4)/(-16). Suppose -3*n - v = -5. Let c be (0 - -2) + 1 + n. Let q(y) = -y + 4. Determine q(c).
0
Let c(l) = -7194*l**2 + 7201*l**2 - 9 + l + l - l**3. What is c(7)?
5
Suppose k - 5*w - 20 = 0, -3*w = -k + 14 - 2. Let u(v) be the first derivative of -v**3/3 - 5*v + 2. Give u(k).
-5
Let x(l) = 5 + 2*l - 1 - 5 + 4. Determine x(-2).
-1
Let v(p) = -2*p**3 + 8*p**2 + 8*p + 2. Let c(x) = -3*x**3 + 9*x**2 + 9*x + 3. Let s(z) = -3*c(z) + 4*v(z). Suppose f + 8 = 4. Determine s(f).
-5
Let h(i) be the third derivative of -i**8/6720 + i**7/2520 + i**5/60 - i**4/8 - 4*i**2. Let a(n) be the second derivative of h(n). Determine a(0).
2
Suppose 4*m + 15 + 15 = 5*q, 0 = -3*q + 3*m + 21. Let w(z) = -z**3 - q*z + z - z**3 - 2*z**2. Calculate w(-1).
1
Let g(n) be the first derivative of -n**4/12 + 4*n**3/3 - 2*n**2 - n - 3. Let u(x) be the first derivative of g(x). Determine u(5).
11
Let y(i) = -i**3 + 23. Suppose 0 = o - 11*o + 3*o. Give y(o).
23
Let n(w) = 2*w**2 + 4 - 2*w**2 - 3*w - w**2. Let k(o) = -o - 6. Let a be k(-8). Suppose r + 9 = -a*r. What is n(r)?
4
Let c be 4/((-1)/((-12)/8)). Let v be (3 + 1)*1/2. Let b(r) = -r**2 + 3 - v - 3 - c*r. Determine b(-5).
3
Let p(u) = u**3 + 2*u**2 - u - 1. Suppose -l + 3*l - 6 = 0. Suppose -6 = l*w + 3. Calculate p(w).
-7
Let t = -9 - -15. Suppose 0 = 2*w - 2*n, -3*n = -w - t*n + 8. Let i(p) = -5*p - 4 - p**w + 0 + 0*p. Determine i(-3).
2
Let l be (-13)/(-2) + (-1)/2. Let s = 65 - -27. Let i(j) = s*j - 93*j - 4 + j**3 - 6*j**2 + 3. Determine i(l).
-7
Let x(r) = r**3 - 4*r**2 - 5*r + 2. Let d = 10 + 0. Suppose -3*z + 5 = -d. What is x(z)?
2
Let s be -4*(1 - (-3)/(-2)). Let c(q) = 0 - 3*q - s*q + 2. Suppose 8*i = 4*i + 8. Calculate c(i).
-8
Let x(r) = -r**2 + r + 3. Let q be (-3 - 3)*(2 - 1). Let u be 1 + 1 - (-12)/q. Calculate x(u).
3
Let m(p) = -p**3 - p**2 - p - 8. Let g = -2 - -3. Let f(r) = g - 4 + r**2 + 2. Let c be f(1). What is m(c)?
-8
Let o be 5 - (-78)/(-16) - 0. Let l(u) be the third derivative of -o*u**4 + 0 + 1/120*u**6 + 0*u + 3*u**2 - 1/2*u**3 + 1/30*u**5. Calculate l(-2).
3
Let r(t) = t**2 + 5*t + 4. Let u be r(-3). Let m(d) = -8*d + 1. What is m(u)?
17
Let i(u) = -u**2 - 7*u + 8. Let x(h) = 9*h**3 + 2*h**2 - h - 2. Let y be x(-1). Determine i(y).
0
Let j(r) be the first derivative of r**5/60 + r**4/12 - 2*r**3/3 - 3. Let y(k) be the third derivative of j(k). What is y(-3)?
-4
Suppose -17*y = -13*y - 24. Let k(c) = -c**3 + 5*c**2 + 8*c - 8. Calculate k(y).
4
Let k(x) = -x**3 - 3*x**2 + x - 2. Let n = -5 + 1. Let v = n + 1. Calculate k(v).
-5
Let o(i) be the third derivative of i**6/120 + i**5/12 + i**4/8 - i**3/6 + 6*i**2. Determine o(-3).
8
Let x(k) = -3*k**2 + 3*k - 1. Let z(q) = -2*q**2 + 4*q - 2. Let f(n) = -3*x(n) + 4*z(n). Give f(-6).
-11
Suppose -4*w = -5*k + 27, 0*w = -k - 2*w - 3. Suppose r + 0*r = 8. Let m(i) = r*i + i**3 - 2 - 5*i + 3 - 4*i**2. Calculate m(k).
1
Let w(j) = 7*j**2 + 9*j + 7. Let s(m) = 3*m**2 + 5*m + 4. Let x(u) = -5*s(u) + 2*w(u). Give x(-6).
0
Suppose 2*d + 3*v + 2*v = -41, 4*d - 5*v = -7. Let a(m) = -m**3 - 9*m**2 - 9*m - 3. Let j be a(d). Let u(b) = -b**3 + 6*b**2 - 6*b - 4. Give u(j).
-9
Let a(g) = -g**3 - 5*g**2 - g. Suppose -4*k - 35 = 3*k. What is a(k)?
5
Let y(j) = 2*j**3 + 2*j**2 + 7*j + 2. Let m(v) = v**3 + v**2 + 3*v + 1. Let i(h) = -5*m(h) + 2*y(h). What is i(-2)?
5
Let c be 1*(-3 - (-2 + -1)) + 1. Let i(q) = q - 3 - 5*q**2 + 3*q**2 + 3. Give i(c).
-1
Suppose 6 = 2*b - 2. Let o(p) = b*p + 0*p - 2*p. Calculate o(5).
10
Let n(p) = p**2 + p - 1. Suppose -72 = u + 47. Let i = 80 + u. Let b be (-1)/(-6) + i/18. What is n(b)?
1
Suppose 0 = v - 4. Suppose 3*i = v*i. Let p(w) = w + 4. Determine p(i).
4
Let i(a) = -6*a - 1. Let w(t) = -t**3 - 2*t**2 - t - 1. Let c = 16 - 17. Let x be w(c). Give i(x).
5
Let m(h) = h**2 - 4*h. Let q be m(5). Let s(b) = 0 + q*b - 4*b - 2. Calculate s(2).
0
Let k(n) = 4*n**3 + n - 1. Let l be k(1). Let a(q) = l*q + 2*q + q**2 - 2 + 7. Determine a(-6).
5
Let c(l) = -l**3 - 3*l**2 + 3*l - 2. Suppose 2*m - 4 = 2*j, -4*m - 5*j - 52 + 15 = 0. Calculate c(m).
-11
Let x(w) = -w**3 + 4*w**2 + 4*w + 3. Let b be ((-30)/4)/((-6)/32). Suppose 5*a + q + 10 = 40, -4*a - 4*q = -b. Give x(a).
-2
Let m(f) = 4*f**2 - 4*f - 1. Suppose -2*c + 4 - 2 = 0. Let w(b) = b**2 - b - 1. Let j(n) = c*m(n) - 3*w(n). What is j(0)?
2
Let h(s) = -s**2 - 3*s + 2. Let q(d) = -d**2 + 8*d - 8. Let a be q(7). Let u be (-2)/a - (0 - -7). Let k = u + 1. Calculate h(k).
-2
Let u(m) = -10*m - 8. Let g(p) = 9*p + 7. Let t(x) = 5*g(x) + 4*u(x). What is t(-2)?
-7
Let k(i) = -i**3 + 4*i**2 + 4*i - 3. Suppose 5*v + 3 - 28 = 0. What is k(v)?
-8
Suppose 0 = z - 2*j + 1, -14 = -2*z - 4*j. Suppose l = -z*l. Let v = l - -4. Let p(s) = -2*s. Determine p(v).
-8
Let r(a) = 13*a**3 - a**2 + 2*a - 1. Let s be r(1). Let p(q) = -2*q + 6*q - s*q**3 + 1 - 3*q. What is p(-1)?
13
Let k(g) be the second derivative of g**3/6 - 2*g**2 + 2*g. What is k(6)?
2
Suppose 0 = 2*a + 2*q + 12, 24 = 3*a - 8*a - 2*q. Let l(o) = -4*o - 1. What is l(a)?
15
Let u(l) be the second derivative of l**5/20 - l**4/12 + l**3/2 - l**2/2 - 12*l. Determine u(2).
9
Let s(l) be the third derivative of -l**5/60 + 11*l**2. Give s(-1).
-1
Let f(l) = -l**3 + 6*l**2 + 5*l + 10. Let k = 7 - 0. Let a be f(k). Let z(h) = -3*h + 0 + 4*h + 4. What is z(a)?
0
Let i(l) = 1 + 2*l + 6 - 3*l. What is i(4)?
3
Let i(k) be the third derivative of -k**4/12 + k**3/6 - 11*k**2. Calculate i(-2).
5
Suppose -z + 2*y = 1, -5*y + 5 = 4*z - 17. Suppose 0 = f + z*f + 20. Let d(i) = i**3 + 5*i**2 - i + 3. Determine d(f).
8
Let d(o) = 6*o. Let r = 42 + -45. Give d(r).
-18
Let o(t) = 113*t + 1 - 224*t - t**2 + 114*t. Calculate o(2).
3
Let l = -93 + 86. Let z(u) = -u**3 - 8*u**2 - 8*u - 10. Determine z(l).
-3
Let f(q) = 3*q + 4. Let l(z) = -8*z**2 + 3*z**3 - 5 + 2*z**3 - 6*z**3. Let w be l(-8). What is f(w)?
-11
Let t = -16 - -20. Let w(p) = p**2 - 5*p + 4. What is w(t)?
0
Let z(h) = 2*h**2 - 5*h - 6. Let l(a) = 2*a**2 - 4*a - 5. Let o(t) = 5*l(t) - 4*z(t). Let j = 26 - 28. Give o(j).
7
Let m(g) = g**3 - g**2. Let c = -42 + 42. What is m(c)?
0
Let q(c) = 2*c**3 + 20*c**2 + 6 - 8*c**2 + 10*c - 19*c**2 - 3*c**3. Determine q(-8).
-10
Let u(a) = -17*a**3 + a**2 + a. Suppose -9*v - 10 = -1. Determine u(v).
17
Let g(r) be the third derivative of -r**7/840 + r**6/360 + r**4/24 - r**3/3 - r**2. Let l(b) be the first derivative of g(b). What is l(-2)?
13
Let p(z) = -407*z**3 + 88*z - 88. Let l(s) = 14*s**3 - 3*s + 3. Let h(f) = -88*l(f) - 3*p(f). Calculate h(-1).
11
Let o(s) = -s**3 + 6*s**2 - 6*s + 3. Let f be o(5). Let g = -9 - -13. Let u(c) = g - 1 - 2 + 2*c + 0. Give u(f).
-3
Let f(v) = -v**3 - 4*v**2 + 7*v + 4. Suppose 10 = 5*s + 3*w - 7*w, 4*s = w + 8. Suppose -3*z = n + z + 4, -2*n = s*z + 2. Let d be (-2 + n + 7)/(-1). Give f(d).
-6
Let 